ve v(o).
4
Let o(r) = -13*r**3 - 14*r**2 - 27*r - 8. Let p(l) = -28*l**3 - 29*l**2 - 57*l - 15. Let w(i) = 13*o(i) - 6*p(i). Calculate w(-7).
0
Let f(v) be the third derivative of -v**5/30 - v**4/12 - 2*v**3/3 + 2*v**2. Let a(c) = -4*c + 39. Let b be a(9). Suppose -12*w = -13*w - b. Determine f(w).
-16
Suppose 3*p + 0 - 6 = -5*a, 0 = 3*a - 9. Let o(i) = -4*i + 3. Let h(l) = 3*l - 15*l - 31 + 39. Let q(w) = 6*h(w) - 17*o(w). Calculate q(p).
9
Let u(g) = 2*g. Let r be u(-1). Let l be ((-390)/21)/(4/(-28)). Let n(m) = l + m - 130. Give n(r).
-2
Let b(i) = -2*i**2 - 10*i. Let p(o) = -2*o**2 - 7*o. Let f(z) = -2*b(z) + 3*p(z). Let q(j) = -j**2 + 3*j. Let a be q(2). Let s = a - 1. Give f(s).
-3
Let d(v) = 14*v - 7. Let z(k) = -3*k + 2. Let m(l) = 2*d(l) + 9*z(l). Suppose -c + 15 = 2*c. Let x(j) = -j - 5. Let i(h) = c*x(h) + 6*m(h). Give i(2).
1
Let t(y) = -2*y + 17. Suppose 4*n + 4 = 0, -3 = -v - 4*n - 0. Determine t(v).
3
Let j(b) be the first derivative of b**5/20 - b**4/3 + b**3/2 - 2*b**2 + 8*b + 15. Let g(z) be the first derivative of j(z). Determine g(4).
8
Let i(l) = 2*l - 2. Let v be i(2). Suppose -4*j = 5*d - v, 0 = d + 6 - 4. Let x(c) be the third derivative of c**5/60 - c**4/8 + c**3/6 - 2*c**2. What is x(j)?
1
Suppose 28 = 4*o - 5*w, 5*o + 0*o = 2*w + 18. Let p(x) = x**o + 0*x + 0*x - 4*x - 3 + x. Determine p(4).
1
Suppose -p - 3*p = -l - 37, -l + 5*p - 40 = 0. Let y be (-6)/(-1 + -1) - l. Let v = y + -21. Let r(n) = n**2 - 4*n - 10. Give r(v).
11
Let t(y) = -3*y - 9. Suppose 0 = -4*x + x + 2*r + 13, -2*r = -2*x + 6. Let c = x + 11. Let f = 12 - c. Give t(f).
9
Let m be (-7)/35 + (-52)/(-10). Suppose -6*o + m*o = -5. Let l(y) = -3*y**2 - 3*y - 7. Let b(s) = s**2. Let w(c) = -4*b(c) - l(c). Determine w(o).
-3
Let z be -4 + (-1 - -2)*2. Let x(p) = 5*p**2 + 3*p - 2. Let d(u) = -10*u**2 - 7*u + 5. Let f(n) = z*d(n) - 5*x(n). What is f(1)?
-6
Let g = 1 + 5. Let i(k) = k**2 - 5*k - 10. Let w be i(g). Let s be 0 + (8/w - -2). Let c(b) = b**3 + 4. Determine c(s).
4
Let w(z) = -z**2 + 11*z - 22. Suppose 4 = -11*o + 81. Give w(o).
6
Let g(q) = q**3 + 5*q**2 - 8*q - 10. Let d be g(-6). Let u(k) be the first derivative of -k**2 + 3*k - 7. Calculate u(d).
-1
Let a(l) = l**2 + l + 7. Suppose 0 = 3*q + 4*j + 20, -4*q - 80*j - 10 = -78*j. What is a(q)?
7
Let w(q) = -q**2 - 9 + 20 - 2*q - 12. What is w(0)?
-1
Let k(b) be the second derivative of b**5/20 + b**3/6 + 9*b**2 - 73*b - 2. Determine k(0).
18
Let t(m) be the first derivative of -m**4/4 + 7*m**3/3 - m**2/2 + 6*m - 71. Give t(7).
-1
Let n be 1 + 0 + 2*-3. Let v(p) = 2*p + 1. Let h(r) = 17*r - 33*r + 17*r. Let a(t) = -5*h(t) + 3*v(t). Calculate a(n).
-2
Let j(y) = 2*y + 0 - 18 + 3 + 23. Determine j(4).
16
Let w(z) = z**2 - 6*z - 11. Let l be w(8). Suppose 0*r = -l*r + 50. Let f(o) = -4*o**3 - r + o**2 + 0*o**3 - o + 5*o**3 + 4. What is f(0)?
-6
Let z = 1 - -2. Let m(a) = 2*a**2 - 3*a + 5. Let s(l) be the first derivative of l**3/3 - l**2 + 3*l + 8. Let f(j) = z*m(j) - 5*s(j). Determine f(2).
6
Let y(k) = 2 + k + 0*k + 1. Let t = 167 - 170. Give y(t).
0
Let d = 158 - 155. Let o(m) = -m + 4. Let p(u) = 1. Let z(s) = o(s) - 5*p(s). Calculate z(d).
-4
Let i(z) = 2*z**2 - 3*z - 2. Let h = -1 - 0. Let v be i(h). Let g(l) = l**v - 2*l - 8*l**2 - l + 5 - 2*l + 4*l**2. Determine g(5).
5
Let j(i) be the third derivative of i**6/120 - 3*i**5/20 - i**4/8 + 11*i**3/3 + 29*i**2. Let b be j(9). Let f(k) = k + 8. Give f(b).
3
Let l be ((-17)/10 - 4/(-20))*-20. Let p(j) = -24*j**3 - l*j**3 + j + 5*j**2 + 4 + 55*j**3. Calculate p(-5).
-1
Let n be 1*(2 + 2 + -2). Suppose 11*k - 7*k = -20. Let y(x) = -11*x - 3. Let l(r) = -10*r - 2. Let c(u) = k*y(u) + 6*l(u). Determine c(n).
-7
Let h(t) = -5*t - 2. Suppose -6 = -w - w. Let u(q) = 2*q + 0*q - w + 1 - q. Let y be u(4). Give h(y).
-12
Let h(x) = x**2 - 39*x + 324. Let w be h(27). Let d(q) = -q - 11. Determine d(w).
-11
Let t = -4 - -16. Suppose g + 0 = t. Suppose -5*k + g = -k. Let d(j) = -j - 4. Calculate d(k).
-7
Let a be (-891)/121 + 4/11. Suppose -2*t + 3*u = -19, 7*t + 19 = 4*t - 5*u. Let i(c) = -1 - 4*c - 5*c - c**t - 2. Calculate i(a).
11
Let b(j) = j - 9. Let p be b(13). Suppose 0 = 5*y - y + 4*m - p, 0 = -3*m - 6. Suppose 2*h - 4*v = -12, y = -2*h - 0*h + v. Let i(w) = w**2 + w + 4. Give i(h).
4
Let r(p) = p**2 - p + 1. Let w(m) = m**3 + m**2 - m + 3. Let l(d) = -2*r(d) - w(d). Determine l(-4).
-1
Let n(q) = 0*q**2 + 5*q**2 - 3 + 0*q - 6*q. Let k(i) = i**2 - 1. Let d(h) = -3*k(h) + n(h). Determine d(4).
8
Let b(r) = -r. Let x(i) = -2*i. Let f(y) = 5*b(y) - 3*x(y). Let v = 87 - 82. Give f(v).
5
Let a(x) = -2*x**2 + 4*x + 7. Suppose -35*c + 150 - 10 = 0. Give a(c).
-9
Let r(p) be the first derivative of p**2/2 - 11*p - 1380. Suppose -4*j = -0*g + 3*g - 28, -j + 9 = g. Give r(g).
-3
Let i be 0 + 1 + -62 + 54. Let t(x) = -x**2 - 7*x + 3. What is t(i)?
3
Let j(f) = -f**3 - 9*f**2 + f + 3. Let y be j(-9). Let t(x) = -3*x + 4. Let w(v) = -3*v + 3. Let o(b) = 6*t(b) - 7*w(b). Calculate o(y).
-15
Let r(d) be the third derivative of d**4/24 - 19*d**3/6 + 35*d**2. Let w be r(19). Let c(o) = -o**3. What is c(w)?
0
Suppose 66 = 5*s - 2*a, 0 = -5*s + 2*a + a + 69. Let c(r) = -r + 11. Let f be c(s). Let h(q) = -15*q**3 + q**2. Give h(f).
16
Let i(o) = -12*o**2 - 46*o + 11. Let l be i(-4). Let f(c) be the third derivative of -1/24*c**4 + 1/3*c**l + 0*c + 0 - 5*c**2. Determine f(-5).
7
Suppose 7 = w - 17. Suppose -7*f + 1 - 148 = 0. Let h = f + w. Let b(y) = 2*y**2 - 4*y + 4. What is b(h)?
10
Let u(s) be the second derivative of -s**3/6 - 4*s**2 - 3*s + 3. Give u(-9).
1
Let h(y) = -4*y - 1. Let k(q) = -q**3 + 8*q**2 - 2*q + 2. Let b be k(7). Let x = 32 - b. Calculate h(x).
19
Let r(u) = 2*u + 1. Let p = -162 - -160. Give r(p).
-3
Suppose u - 1 = 4. Suppose -u*c = -6 + 26. Let q be (1/2)/((-2)/c). Let b(x) = 3*x**3 + x - 1. Give b(q).
3
Let y(c) be the third derivative of c**6/120 - c**5/12 + c**4/6 - 2*c**3/3 + 76*c**2. Determine y(4).
-4
Let l(g) be the first derivative of -21*g**4/4 + g**3/3 - g - 105. Calculate l(-1).
21
Let l(v) be the first derivative of v**2/2 + 2*v + 82. Determine l(-2).
0
Let f(q) = -q**2 - q + 1. Let u(t) = t**3 + 5*t**2 + 3*t - 3. Let z(o) = -3*f(o) + u(o). What is z(-6)?
30
Let j be 66/15 - (-10)/(-25). Suppose -k + 0*d + j = -2*d, 2*k + d - 13 = 0. Let n(w) = w**3 - 6*w**2 + w + 3. Determine n(k).
9
Suppose 0 = -3*t - q + 46, -5*t + 5*q + 72 = -38. Let x be 1*(-4 - -1) + t. Let b = -12 + x. Let m(i) = 2*i**3 - 2*i**2 - 3*i + 3. Calculate m(b).
5
Let w(g) = g**3 + 7*g**2 - 4. Let z(d) = -10*d + 183. Let v be z(19). Give w(v).
-4
Suppose 0 = 13*c + 472 + 763. Let z = 95 + c. Let v(b) = -b**3 - b**2 - b + 3. Determine v(z).
3
Let f(v) = -2070*v**2 + 2 - 3*v + 2064*v**2 - v**3 - v. Give f(-5).
-3
Suppose -7*p + 9 - 2 = 0. Let j = -9 + 13. Let d(s) = 12 - 12 - j*s. Determine d(p).
-4
Let n be -1 - -4*(-2 - -3). Let a(y) be the second derivative of y**3/2 + y**2/2 + 5*y - 26. Calculate a(n).
10
Let x(o) be the third derivative of -o**4/12 + o**3 - 14*o**2. Let r(p) = -4*p - 2. Let i be r(-2). Determine x(i).
-6
Let m(n) = 2*n - 1. Let d = 62 - 142. Let t be (-12)/(-16)*d/(-15). Determine m(t).
7
Let r(o) = 3*o**2 + 2*o - 1. Let a(p) = -16*p**2 - 10*p + 6. Let j(y) = -2*a(y) - 11*r(y). Determine j(-4).
-9
Suppose 3*n - 4*n + 4 = 0. Let j be 20/((-4)/(-1*n)). Suppose -m = 4*m - j. Let i(a) = -a**3 + 5*a**2 - 2*a - 5. Give i(m).
3
Let h(t) = 2*t**3 - 23*t**2 + 6*t - 11. Let g(p) = -3*p**2 - 3*p - 5*p**2 - p**3 + 8*p**2 + 5 + 11*p**2. Let l(q) = 13*g(q) + 6*h(q). Determine l(4).
3
Let z(v) = 2. Let c(f) = f + 8. Let x(h) = c(h) - 2*z(h). What is x(-4)?
0
Let t(l) be the third derivative of l**6/120 + l**5/30 + l**4/24 - 132*l**2. Give t(-3).
-12
Let o(t) = -t**3 - 5*t**2 + 6*t - 6. Let p(g) = g**3 + 2*g**2 + 2*g - 4. Let b be p(-3). Let q = b - -12. Let u = q - -1. What is o(u)?
-6
Suppose 8*i - 9*i = 13. Let w(z) = z**3 + 14*z**2 + 14*z + 15. Give w(i).
2
Suppose -4*v - 4*s = 0, -5*v - 13 = -s + 5. Let i(z) be the third derivative of -z**5/60 - z**4/12 - z**3/3 - z**2 - 8. What is i(v)?
-5
Let x(s) be the third derivative of 2*s**4/3 - s**3/6 - 372*s**2. Calculate x(-2).
-33
Let c = -10 - -12. Let a(h) = 3*h**2 - 9*h - 4 - h**2 + 2*h**c. Let x(s) = 3*s*